{"id":777,"date":"2011-10-24T19:51:01","date_gmt":"2011-10-24T17:51:01","guid":{"rendered":"http:\/\/www.dock-berlin.de\/?page_id=777"},"modified":"2016-02-10T12:03:20","modified_gmt":"2016-02-10T10:03:20","slug":"ralf-baecker","status":"publish","type":"page","link":"http:\/\/www.dock-berlin.de\/?page_id=777","title":{"rendered":"Ralf Baecker"},"content":{"rendered":"<p>Geboren 1977 in D\u00fcsseldorf. Lebt und arbeitet in Berlin. Studierte Informatik und Medienkunst in K\u00f6ln. Lehrauftr\u00e4ge an der Bauhaus Universit\u00e4t Weimar und der Universit\u00e4t der K\u00fcnste Bremen. Auszeichnungen u.a. 2007 F\u00f6rderpreis des Landes Nordrhein-Westfalen f\u00fcr junge K\u00fcnstler(innen), Sparte Medienkunst (D\u00fcsseldorf), 2008 Arbeitsstipendium der Stiftung Kunstfonds (Bonn) und 2010 Produktionsstipendium am Edith-Russ-Haus f\u00fcr Medienkunst (Oldenburg).<br \/>\n<a href=\"http:\/\/www.rlfbckr.org\" target=\"_blank\">http:\/\/www.rlfbckr.org<\/a><\/p>\n","protected":false},"excerpt":{"rendered":"<p>Geboren 1977 in D\u00fcsseldorf. Lebt und arbeitet in Berlin. Studierte Informatik und Medienkunst in K\u00f6ln. Lehrauftr\u00e4ge an der Bauhaus Universit\u00e4t Weimar und der Universit\u00e4t der K\u00fcnste Bremen. Auszeichnungen u.a. 2007 F\u00f6rderpreis des Landes Nordrhein-Westfalen f\u00fcr junge K\u00fcnstler(innen), Sparte Medienkunst (D\u00fcsseldorf), 2008 Arbeitsstipendium der Stiftung Kunstfonds (Bonn) und 2010 Produktionsstipendium am Edith-Russ-Haus f\u00fcr Medienkunst (Oldenburg). http:\/\/www.rlfbckr.org<\/p>\n","protected":false},"author":1,"featured_media":0,"parent":8,"menu_order":0,"comment_status":"closed","ping_status":"open","template":"","meta":[],"rttpg_featured_image_url":null,"rttpg_author":{"display_name":"admin","author_link":"http:\/\/www.dock-berlin.de\/?author=1"},"rttpg_comment":1,"rttpg_category":null,"rttpg_excerpt":"Geboren 1977 in D\u00fcsseldorf. Lebt und arbeitet in Berlin. Studierte Informatik und Medienkunst in K\u00f6ln. Lehrauftr\u00e4ge an der Bauhaus Universit\u00e4t Weimar und der Universit\u00e4t der K\u00fcnste Bremen. Auszeichnungen u.a. 2007 F\u00f6rderpreis des Landes Nordrhein-Westfalen f\u00fcr junge K\u00fcnstler(innen), Sparte Medienkunst (D\u00fcsseldorf), 2008 Arbeitsstipendium der Stiftung Kunstfonds (Bonn) und 2010 Produktionsstipendium am Edith-Russ-Haus f\u00fcr Medienkunst (Oldenburg). http:\/\/www.rlfbckr.org","_links":{"self":[{"href":"http:\/\/www.dock-berlin.de\/index.php?rest_route=\/wp\/v2\/pages\/777"}],"collection":[{"href":"http:\/\/www.dock-berlin.de\/index.php?rest_route=\/wp\/v2\/pages"}],"about":[{"href":"http:\/\/www.dock-berlin.de\/index.php?rest_route=\/wp\/v2\/types\/page"}],"author":[{"embeddable":true,"href":"http:\/\/www.dock-berlin.de\/index.php?rest_route=\/wp\/v2\/users\/1"}],"replies":[{"embeddable":true,"href":"http:\/\/www.dock-berlin.de\/index.php?rest_route=%2Fwp%2Fv2%2Fcomments&post=777"}],"version-history":[{"count":3,"href":"http:\/\/www.dock-berlin.de\/index.php?rest_route=\/wp\/v2\/pages\/777\/revisions"}],"predecessor-version":[{"id":1009,"href":"http:\/\/www.dock-berlin.de\/index.php?rest_route=\/wp\/v2\/pages\/777\/revisions\/1009"}],"up":[{"embeddable":true,"href":"http:\/\/www.dock-berlin.de\/index.php?rest_route=\/wp\/v2\/pages\/8"}],"wp:attachment":[{"href":"http:\/\/www.dock-berlin.de\/index.php?rest_route=%2Fwp%2Fv2%2Fmedia&parent=777"}],"curies":[{"name":"wp","href":"https:\/\/api.w.org\/{rel}","templated":true}]}}